of 41 and 25379?
41
Calculate the greatest common divisor of 61000 and 976.
488
What is the greatest common factor of 2 and 361?
1
Calculate the highest common divisor of 4 and 284.
4
What is the greatest common factor of 62 and 496?
62
Calculate the greatest common divisor of 1295 and 8029.
259
What is the greatest common divisor of 27 and 80487?
27
Calculate the highest common divisor of 720 and 30.
30
Calculate the highest common factor of 30204 and 36.
36
What is the greatest common factor of 824 and 24?
8
What is the highest common factor of 78 and 24?
6
Calculate the highest common divisor of 66 and 3597.
33
Calculate the highest common factor of 81 and 3267.
27
Calculate the greatest common factor of 76 and 5605.
19
What is the greatest common divisor of 304 and 760?
152
Calculate the greatest common divisor of 272 and 952.
136
Calculate the highest common factor of 513 and 19.
19
What is the greatest common factor of 88 and 8?
8
What is the greatest common divisor of 805 and 140?
35
What is the greatest common factor of 171 and 144?
9
Calculate the greatest common factor of 19 and 1.
1
What is the greatest common factor of 34 and 45424?
34
What is the highest common divisor of 3708 and 24?
12
What is the highest common factor of 82 and 2132?
82
Calculate the greatest common factor of 320 and 270.
10
What is the greatest common divisor of 1960 and 8?
8
What is the highest common divisor of 2384 and 32?
16
What is the greatest common divisor of 4369 and 17?
17
What is the highest common divisor of 132 and 13948?
44
Calculate the greatest common divisor of 6647 and 23.
23
What is the highest common factor of 14516 and 228?
76
What is the greatest common factor of 72 and 3852?
36
Calculate the highest common divisor of 42 and 18.
6
Calculate the highest common divisor of 112 and 2744.
56
Calculate the highest common divisor of 8 and 76.
4
What is the greatest common divisor of 2 and 2?
2
What is the greatest common divisor of 377 and 13?
13
What is the highest common factor of 22 and 374?
22
What is the highest common divisor of 285 and 4085?
95
What is the greatest common factor of 360 and 504?
72
What is the greatest common divisor of 112 and 400?
16
Calculate the greatest common divisor of 117 and 9.
9
Calculate the highest common factor of 11 and 4268.
11
Calculate the highest common divisor of 5 and 900.
5
What is the greatest common factor of 147 and 34251?
147
Calculate the greatest common factor of 176 and 209.
11
What is the highest common factor of 76 and 1273?
19
Calculate the highest common divisor of 14 and 98.
14
What is the highest common divisor of 224 and 544?
32
Calculate the highest common factor of 392 and 7.
7
What is the highest common divisor of 531 and 59?
59
Calculate the highest common factor of 54 and 243.
27
Calculate the highest common factor of 7 and 92869.
7
Calculate the greatest common factor of 93 and 527.
31
Calculate the greatest common factor of 33 and 22.
11
What is the greatest common divisor of 747 and 1743?
249
What is the greatest common divisor of 112 and 392?
56
What is the greatest common factor of 54 and 2862?
54
What is the greatest common divisor of 72 and 384?
24
What is the highest common factor of 33 and 1188?
33
Calculate the highest common divisor of 24 and 24.
24
Calculate the highest common factor of 35 and 112.
7
Calculate the greatest common factor of 354 and 24.
6
Calculate the greatest common divisor of 160 and 2816.
32
Calculate the highest common factor of 11 and 29557.
11
What is the highest common factor of 1269 and 135?
27
What is the highest common factor of 52 and 117?
13
Calculate the highest common divisor of 375 and 500.
125
Calculate the greatest common divisor of 48 and 28752.
48
Calculate the highest common factor of 203 and 18067.
203
What is the highest common divisor of 66 and 110?
22
What is the highest common factor of 72 and 117?
9
Calculate the greatest common divisor of 1440 and 45.
45
Calculate the greatest common factor of 688 and 301.
43
Calculate the highest common factor of 296 and 185.
37
Calculate the highest common divisor of 25 and 800.
25
What is the greatest common factor of 169 and 4?
1
What is the greatest common divisor of 36 and 666?
18
What is the greatest common divisor of 90 and 80?
10
Calculate the highest common divisor of 29 and 5017.
29
What is the greatest common divisor of 77 and 209?
11
Calculate the greatest common divisor of 12180 and 5.
5
What is the greatest common factor of 406 and 56?
14
Calculate the highest common factor of 230 and 20.
10
Calculate the highest common factor of 8319 and 531.
177
What is the greatest common factor of 174 and 18?
6
What is the greatest common factor of 1397 and 889?
127
Calculate the highest common factor of 52 and 91.
13
What is the highest common divisor of 810 and 1134?
162
Calculate the greatest common divisor of 235 and 893.
47
What is the greatest common divisor of 57 and 1425?
57
Calculate the greatest common divisor of 50 and 6.
2
Calculate the greatest common factor of 1458 and 2754.
162
Calculate the highest common factor of 36 and 14184.
36
Calculate the highest common divisor of 1425 and 1350.
75
Calculate the highest common factor of 865 and 5.
5
Calculate the greatest common factor of 1776 and 48.
48
What is the highest common divisor of 43 and 989?
43
Calculate the greatest common factor of 13169 and 52.
13
Calculate the highest common factor of 82 and 1517.
41
Calculate the highest common divisor of 87 and 203.
29
What is the greatest common divisor of 2250 and 1260?
90
What is the greatest common factor of 5 and 16715?
5
What is the greatest common factor of 321 and 3?
3
Calculate the highest common factor of 6 and 228.
6
Calculate the greatest common divisor of 259 and 112.
7
What is the greatest common divisor of 216 and 248?
8
Calculate the highest common factor of 290 and 10.
10
What is the greatest common factor of 143 and 946?
11
Calculate the highest common divisor of 1032 and 4472.
344
What is the greatest common factor of 29 and 61161?
29
Calculate the greatest common factor of 14 and 26.
2
What is the greatest common factor of 290 and 116?
58
Calculate the highest common divisor of 38 and 1102.
38
What is the highest common divisor of 1794 and 4?
2
What is the greatest common divisor of 459 and 108?
27
What is the greatest common divisor of 85 and 5?
5
Calculate the greatest common divisor of 154 and 484.
22
Calculate the greatest common factor of 88 and 32.
8
What is the highest common factor of 1302 and 126?
42
Calculate the greatest common factor of 104 and 1300.
52
Calculate the highest common divisor of 51 and 1581.
51
Calculate the greatest common factor of 1305 and 45.
45
What is the highest common factor of 160 and 96?
32
What is the greatest common factor of 99 and 18?
9
What is the highest common factor of 91 and 104?
13
What is the highest common divisor of 4308 and 12?
12
What is the highest common factor of 4976 and 16?
16
Calculate the greatest common divisor of 25 and 12275.
25
Calculate the highest common factor of 34140 and 60.
60
What is the highest common factor of 3104 and 128?
32
Calculate the greatest common divisor of 320 and 64.
64
Calculate the greatest common divisor of 290 and 10.
10
Calculate the highest common factor of 60 and 980.
20
Calculate the highest common divisor of 6164 and 92.
92
Calculate the highest common divisor of 11775 and 20.
5
What is the highest common divisor of 154 and 66?
22
Calculate the highest common divisor of 8 and 664.
8
What is the highest common factor of 6 and 60?
6
Calculate the highest common divisor of 12 and 150.
6
Calculate the greatest common factor of 60 and 330.
30
Calculate the greatest common divisor of 880 and 715.
55
Calculate the greatest common divisor of 917 and 28.
7
What is the greatest common divisor of 32 and 14?
2
What is the greatest common factor of 7 and 38507?
7
Calculate the greatest common factor of 40 and 405.
5
What is the greatest common divisor of 279 and 81?
9
What is the greatest common factor of 47 and 2021?
47
Calculate the greatest common factor of 19 and 779.
19
Calculate the highest common divisor of 72 and 1032.
24
Calculate the highest common factor of 2060 and 40.
20
C